uppose 0 = 5*a + p, 0 = 3*a - 0*a + 5*p + 22. Calculate the highest common factor of a and v.
1
Suppose -4*o + 408 = -240. Calculate the highest common factor of 18 and o.
18
Let h = 15 + -146. Let u = 307 + h. Calculate the highest common factor of 16 and u.
16
Let b = -5 + 8. Suppose -4 = -b*f + 8. Let p be (21 + f)*(2 + -1). Calculate the highest common divisor of 10 and p.
5
Suppose 0 = -3*i - d + 42 - 0, -i = 5*d - 28. Suppose 2*h = -q + 179, q - 1 + 4 = 0. Calculate the highest common factor of i and h.
13
Let f = -29 - -51. Let k(x) = -1. Let t(q) = q + 3. Let u(g) = -2*k(g) - t(g). Let v be u(-3). What is the greatest common divisor of v and f?
2
Suppose -v + 5*p - 11 = 0, 3*v + 52 = -5*p + p. Let h = 23 + v. Suppose 0 = 2*f - h - 9. Calculate the greatest common divisor of f and 40.
8
Suppose 17 = -3*d + 2, 0 = h - 3*d - 49. Calculate the greatest common factor of 85 and h.
17
Let y(j) = -2*j**3 - 3*j**2 - 2*j + 1. Let n be -5 + (-3)/(-4 - -3). Let p be y(n). What is the greatest common divisor of 9 and p?
9
Let j be 9/36 + 103/4. Suppose -j = o - 3*o. Let a = o + 3. Calculate the greatest common divisor of 2 and a.
2
Suppose 4*o + 0*m = -2*m + 30, 24 = 4*o + 4*m. Calculate the highest common factor of o and 81.
9
Suppose 4*p - 18 = -p + i, -5*i = 15. Suppose -p*c + 51 = -57. Let j(t) = -3*t - 9. Let w be j(-6). Calculate the greatest common factor of c and w.
9
Suppose 2*p = 4*p - 28. Let z(i) = -6*i**3 - 4*i**2 - i - 3. Let b(l) = -l + 2. Let n be b(5). Let o be z(n). Calculate the highest common divisor of p and o.
14
Let t(z) = z - 1. Let y(u) = u**2 - 5*u. Let d(r) = 2*t(r) + y(r). Let m be d(6). What is the highest common divisor of m and 112?
16
Suppose 0 = -2*o - 0*o + 74. Calculate the highest common factor of o and 407.
37
Let t be -3*4*16/(-6). Calculate the highest common divisor of t and 4.
4
Let z = -2 + 4. Suppose l = 2*v - 14 + 2, 0 = -5*v + 2*l + 29. What is the highest common factor of z and v?
1
Let i(t) = 10*t**2 + t + 6. Let b be i(3). Calculate the greatest common factor of b and 11.
11
Let a(o) = o + 7. Let t be a(0). Let l = t + -1. Calculate the highest common factor of 6 and l.
6
Let l(b) = b**2 - 15*b + 15. Let g be l(14). Calculate the greatest common divisor of 11 and g.
1
Let x = 911 - 186. Suppose -221 + x = 4*n. Calculate the greatest common divisor of n and 14.
14
Let w(j) = -j**2 - 2*j - 1. Let b be (4/6)/((-1)/6). Let o be w(b). Let u be 102 - o/(2 - 5). What is the highest common factor of 11 and u?
11
Let x(w) = -4*w**3 - 6*w**2 - 5*w. Let v be x(-4). What is the greatest common factor of 20 and v?
20
Let c(l) = -11*l - 7. Let d be c(-7). Let y be -15*7/(d/(-12)). What is the greatest common divisor of y and 72?
18
Let r = -24 - -15. Let m = -12 - 3. Let k = r - m. Calculate the highest common factor of 6 and k.
6
Suppose -30 = 8*w - 150. Suppose -3*g + 28 + 2 = 0. What is the greatest common factor of w and g?
5
Suppose -21 + 15 = 2*v. Let n be (4/(-3))/(1/3). Let b be 195 + (3 + n)*v. Calculate the greatest common factor of b and 18.
18
Suppose 7*s - 6*s = 2*b + 23, 12 = -4*b. Suppose -3*g + g = a - 9, -4*g + 52 = 4*a. What is the highest common divisor of a and s?
17
Let h(a) = 4*a**3 + a**2 - 2*a. Let r be h(-2). Let x = 34 + r. What is the highest common factor of 90 and x?
10
Let r be 12/10*15/9. Let w(c) = 53*c + 4. Let k be w(r). Calculate the highest common factor of k and 11.
11
Let g = 2 - -1. Let u(p) = 6*p + 2 - g*p - 3. Let w be u(2). What is the highest common factor of w and 35?
5
Suppose -1030 = 2*w - 7*w. Let i = -3 + 3. Suppose -4*n - w + 710 = i. What is the greatest common divisor of n and 14?
14
Let y(p) = -4*p - 11. Let k be y(-8). Let w = 6 + -4. Suppose q + 6 + 7 = 4*t, -2*t = -w*q - 8. What is the greatest common factor of t and k?
3
Let l be (-16)/(-12)*(5 - -1). Calculate the highest common factor of 40 and l.
8
Let i(x) = -x + 15. Let c be i(4). Calculate the highest common factor of c and 176.
11
Let i = -14 - -4. Let n be (-105)/i + (-1)/(-2). Let s = 12 + 21. What is the greatest common divisor of n and s?
11
Suppose -2*z = 4*x - 44, -z - 4*z + x = -99. Calculate the highest common divisor of 8 and z.
4
Suppose -3*z = -39 - 18. Suppose b - 4 = 4*i - 16, 2*b + 8 = 4*i. Let n(y) = 6*y**2 + 6*y - 6. Let s be n(i). What is the greatest common divisor of s and z?
19
Suppose w - 10*w = -135. Suppose 4*m = 85 - 29. Let h be m/4 + 2/(-4). Calculate the greatest common factor of h and w.
3
Let g = -60 + 143. Suppose 0 = 4*c + 3*q - 74, g = 5*c - 5*q + 4*q. Calculate the highest common factor of 187 and c.
17
Suppose -3*h = 4*x - 212, -3*x + 166 = 4*h - 0*h. Calculate the greatest common factor of x and 5.
5
Let p = -41 + 77. Suppose 0 = 5*x + 3*r - p, -6*x + x + 3*r = -54. Suppose 3*j - 30 = -2*j. Calculate the greatest common factor of j and x.
3
Let f(o) = 48*o + 1. Let n = -3 - -4. Let h be f(n). Suppose k = w - 4*k - h, 5*w = 5*k + 205. What is the highest common divisor of w and 13?
13
Let i = -26 + 27. Calculate the highest common divisor of i and 3.
1
Suppose -2*w - 5 = 1. Let o be (w/(-1) - 9)*-1. Calculate the highest common divisor of 4 and o.
2
Suppose -7 = -o - 0. Let d(n) = -n**2 - 2*n - 1. Let m be d(-2). Let j = m + 8. What is the greatest common factor of j and o?
7
Let c(u) = 2*u - 17. Let l be c(15). Let j = 6 - 3. Suppose -127 = -n - 5*t + t, -3*t + 417 = j*n. What is the highest common factor of l and n?
13
Let o be 8/(146/(-50) + 3). Suppose 4*n - 2*n - o = i, 5*n + i = 250. Calculate the highest common factor of n and 10.
10
Suppose -4*y + 2*y = -5*p - 21, -5*p - 5 = 0. Calculate the highest common factor of 8 and y.
8
Suppose -3*w + 7 = 1. Let z be w*3/6 - -44. Let n be 3*(-3)/(-18)*10. What is the highest common divisor of z and n?
5
Let q be 27 - -1*(-1 + 2). Suppose 0 = -2*i - 4*f + 44, 38 + q = 3*i - f. Calculate the greatest common divisor of 55 and i.
11
Suppose -9 + 1 = -4*l. Suppose 0*x = l*x - 432. Calculate the greatest common divisor of 27 and x.
27
Suppose 3*o = o - 88. Let r = 56 + 9. Let s = r + o. Calculate the highest common factor of s and 3.
3
Let w be (-3)/(300/104 - 3). Calculate the greatest common factor of 65 and w.
13
Let q be -2*((-22)/(-4) - 1). Let v be ((-24)/q)/((-2)/(-3)). Suppose n + v*n = 40. Calculate the highest common factor of 56 and n.
8
Let z(u) = u**2 + 4*u - 2. Let o be z(-6). Suppose -29 = -w + v, o*w = 5*w - 2*v + 166. Calculate the greatest common divisor of w and 80.
16
Suppose 73 = 4*o - i, -2*o + o + 13 = 5*i. Let y = 342 + -216. What is the highest common divisor of o and y?
18
Let u be (-12)/30 + (-282)/(-5). Let k(f) = -f**2 + 6*f - 6. Let p be k(4). Suppose 6*m - 28 = p*m. Calculate the highest common factor of u and m.
7
Let v = -24 + 64. Suppose 29 = 3*y + 5. Calculate the highest common divisor of v and y.
8
Suppose -3*k + 14 = n, 2*n - 5*k + 2 = -3. Let u = n - 4. Let t be (-52)/(-6) - 2/(-6). What is the greatest common divisor of u and t?
1
Suppose 4*j = 3*j. Suppose j = 5*x - 10 - 0. Calculate the highest common divisor of 8 and x.
2
Let w(a) = a**2 - a + 10. Let n be w(9). Calculate the highest common divisor of n and 41.
41
Let c(n) = 19*n**2 + 2*n + 1. Let h(r) = -r**2 + 4*r - 1. Let k be h(3). Let o be c(k). Calculate the highest common divisor of 9 and o.
9
Suppose -16 = q + 4*a, 3*q + 0*a = -5*a - 13. Suppose -5*w + 10 = 0, q*y + 119 - 381 = -5*w. Calculate the greatest common factor of 21 and y.
21
Let y = -28 - -48. Suppose 2*c + 3*p - 452 = 0, -3*c + 400 + 256 = -p. Calculate the highest common factor of c and y.
20
Let v(r) be the first derivative of 23*r**3/3 - 4*r - 2. Let l be v(3). Suppose 5*a - l = -23. What is the highest common factor of a and 24?
12
Let c(b) = -b + 2. Let i be c(-2). Calculate the highest common divisor of 4 and i.
4
Let u(j) = -j**3 - 5*j**2 - j - 2. Let d be u(-5). Calculate the greatest common divisor of 21 and d.
3
Suppose -7 - 5 = -4*o, 4*z - 58 = 2*o. Calculate the greatest common divisor of z and 128.
16
Let l be (7/56*-6)/(2/(-48)). What is the highest common divisor of 36 and l?
18
Let k(c) = c**3 - c**2 - 4*c. Let v be k(3). Suppose 3*i + 5*m + 236 = 7*i, -m - 4 = 0. What is the greatest common divisor of i and v?
6
Let f = -260 + 470. What is the 